{"id":28,"date":"2025-01-03T16:22:40","date_gmt":"2025-01-03T19:22:40","guid":{"rendered":"https:\/\/labcorr.coppe.ufrj.br\/?page_id=28"},"modified":"2025-11-28T13:36:30","modified_gmt":"2025-11-28T16:36:30","slug":"contato","status":"publish","type":"page","link":"https:\/\/labcorr.coppe.ufrj.br\/index.php\/contato\/","title":{"rendered":"Contato"},"content":{"rendered":"\t\t<div data-elementor-type=\"wp-page\" data-elementor-id=\"28\" class=\"elementor elementor-28\" data-elementor-post-type=\"page\">\n\t\t\t\t<div class=\"elementor-element elementor-element-35d64b5 e-flex e-con-boxed wpr-particle-no wpr-jarallax-no wpr-parallax-no wpr-sticky-section-no wpr-column-slider-no wpr-equal-height-no e-con e-parent\" data-id=\"35d64b5\" data-element_type=\"container\" data-e-type=\"container\" data-settings=\"{&quot;jet_parallax_layout_list&quot;:[]}\">\n\t\t\t\t\t<div class=\"e-con-inner\">\n\t\t<div class=\"elementor-element elementor-element-d963c4d e-con-full e-flex wpr-particle-no wpr-jarallax-no wpr-parallax-no wpr-sticky-section-no wpr-column-slider-no wpr-equal-height-no e-con e-child\" data-id=\"d963c4d\" data-element_type=\"container\" data-e-type=\"container\" data-settings=\"{&quot;background_background&quot;:&quot;classic&quot;,&quot;jet_parallax_layout_list&quot;:[]}\">\n\t\t\t\t<div class=\"elementor-element elementor-element-19179be jet-breadcrumbs-align-left elementor-widget elementor-widget-jet-breadcrumbs\" data-id=\"19179be\" data-element_type=\"widget\" data-e-type=\"widget\" data-widget_type=\"jet-breadcrumbs.default\">\n\t\t\t\t<div class=\"elementor-widget-container\">\n\t\t\t\t\t<div class=\"elementor-jet-breadcrumbs jet-blocks\">\n\t\t<div class=\"jet-breadcrumbs\">\n\t\t<div class=\"jet-breadcrumbs__content\">\n\t\t\t<div class=\"jet-breadcrumbs__browse\">Voc\u00ea est\u00e1 aqui:<\/div> \n\t\t<div class=\"jet-breadcrumbs__wrap\"><div class=\"jet-breadcrumbs__item\"><a href=\"https:\/\/labcorr.coppe.ufrj.br\/\" class=\"jet-breadcrumbs__item-link is-home\" rel=\"home\" title=\"In\u00edcio\">In\u00edcio<\/a><\/div>\n\t\t<\/div>\n\t\t<\/div>\n\t\t<\/div><\/div>\t\t\t\t<\/div>\n\t\t\t\t<\/div>\n\t\t\t\t<\/div>\n\t\t\t\t\t<\/div>\n\t\t\t\t<\/div>\n\t\t<div class=\"elementor-element elementor-element-9c62870 e-flex e-con-boxed wpr-particle-no wpr-jarallax-no wpr-parallax-no wpr-sticky-section-no wpr-column-slider-no wpr-equal-height-no e-con e-parent\" data-id=\"9c62870\" data-element_type=\"container\" data-e-type=\"container\" data-settings=\"{&quot;jet_parallax_layout_list&quot;:[],&quot;background_background&quot;:&quot;classic&quot;}\">\n\t\t\t\t\t<div class=\"e-con-inner\">\n\t\t<div class=\"elementor-element elementor-element-fd09325 e-con-full elementor-hidden-mobile_extra elementor-hidden-mobile elementor-hidden-widescreen elementor-hidden-desktop elementor-hidden-laptop elementor-hidden-tablet_extra elementor-hidden-tablet e-flex wpr-particle-no wpr-jarallax-no wpr-parallax-no wpr-sticky-section-no wpr-column-slider-no wpr-equal-height-no e-con e-child\" data-id=\"fd09325\" data-element_type=\"container\" data-e-type=\"container\" data-settings=\"{&quot;jet_parallax_layout_list&quot;:[]}\">\n\t\t\t\t<div class=\"elementor-element elementor-element-c802a22 menu-lateral elementor-nav-menu--dropdown-none elementor-widget elementor-widget-nav-menu\" data-id=\"c802a22\" data-element_type=\"widget\" data-e-type=\"widget\" data-settings=\"{&quot;layout&quot;:&quot;vertical&quot;,&quot;submenu_icon&quot;:{&quot;value&quot;:&quot;&lt;svg aria-hidden=\\&quot;true\\&quot; class=\\&quot;e-font-icon-svg e-fas-caret-down\\&quot; viewBox=\\&quot;0 0 320 512\\&quot; xmlns=\\&quot;http:\\\/\\\/www.w3.org\\\/2000\\\/svg\\&quot;&gt;&lt;path d=\\&quot;M31.3 192h257.3c17.8 0 26.7 21.5 14.1 34.1L174.1 354.8c-7.8 7.8-20.5 7.8-28.3 0L17.2 226.1C4.6 213.5 13.5 192 31.3 192z\\&quot;&gt;&lt;\\\/path&gt;&lt;\\\/svg&gt;&quot;,&quot;library&quot;:&quot;fa-solid&quot;}}\" data-widget_type=\"nav-menu.default\">\n\t\t\t\t<div class=\"elementor-widget-container\">\n\t\t\t\t\t\t\t\t<nav aria-label=\"Menu\" class=\"elementor-nav-menu--main elementor-nav-menu__container elementor-nav-menu--layout-vertical e--pointer-underline e--animation-fade\">\n\t\t\t\t<ul id=\"menu-1-c802a22\" class=\"elementor-nav-menu sm-vertical\"><li class=\"menu-item menu-item-type-custom menu-item-object-custom menu-item-has-children menu-item-10145\"><a class=\"elementor-item\">O LABCORR<\/a>\n<ul class=\"sub-menu elementor-nav-menu--dropdown\">\n\t<li class=\"menu-item menu-item-type-post_type menu-item-object-page menu-item-10141\"><a href=\"https:\/\/labcorr.coppe.ufrj.br\/index.php\/o-labcorr\/apresentacao\/\" class=\"elementor-sub-item\">Apresenta\u00e7\u00e3o<\/a><\/li>\n\t<li class=\"menu-item menu-item-type-post_type menu-item-object-page menu-item-10142\"><a href=\"https:\/\/labcorr.coppe.ufrj.br\/index.php\/o-labcorr\/missao-visao-e-politica\/\" class=\"elementor-sub-item\">Miss\u00e3o, Vis\u00e3o e Pol\u00edtica<\/a><\/li>\n\t<li class=\"menu-item menu-item-type-post_type menu-item-object-page menu-item-10143\"><a href=\"https:\/\/labcorr.coppe.ufrj.br\/index.php\/o-labcorr\/organograma\/\" class=\"elementor-sub-item\">Organograma<\/a><\/li>\n\t<li class=\"menu-item menu-item-type-custom menu-item-object-custom menu-item-has-children menu-item-5290\"><a class=\"elementor-sub-item\">Equipe<\/a>\n\t<ul class=\"sub-menu elementor-nav-menu--dropdown\">\n\t\t<li class=\"menu-item menu-item-type-post_type menu-item-object-page menu-item-5291\"><a href=\"https:\/\/labcorr.coppe.ufrj.br\/index.php\/o-labcorr\/equipe\/coordenador\/\" class=\"elementor-sub-item\">Coordenador<\/a><\/li>\n\t\t<li class=\"menu-item menu-item-type-post_type menu-item-object-page menu-item-11233\"><a href=\"https:\/\/labcorr.coppe.ufrj.br\/index.php\/o-labcorr\/equipe\/professor-assistente\/\" class=\"elementor-sub-item\">Professor Assistente<\/a><\/li>\n\t\t<li class=\"menu-item menu-item-type-post_type menu-item-object-page menu-item-5293\"><a href=\"https:\/\/labcorr.coppe.ufrj.br\/index.php\/o-labcorr\/equipe\/pesquisadores\/\" class=\"elementor-sub-item\">Pesquisadores<\/a><\/li>\n\t\t<li class=\"menu-item menu-item-type-post_type menu-item-object-page menu-item-5292\"><a href=\"https:\/\/labcorr.coppe.ufrj.br\/index.php\/o-labcorr\/equipe\/tecnicos\/\" class=\"elementor-sub-item\">T\u00e9cnicos<\/a><\/li>\n\t\t<li class=\"menu-item menu-item-type-post_type menu-item-object-page menu-item-11355\"><a href=\"https:\/\/labcorr.coppe.ufrj.br\/index.php\/o-labcorr\/equipe\/doutorado\/\" class=\"elementor-sub-item\">Doutorado<\/a><\/li>\n\t\t<li class=\"menu-item menu-item-type-post_type menu-item-object-page menu-item-11354\"><a href=\"https:\/\/labcorr.coppe.ufrj.br\/index.php\/o-labcorr\/equipe\/pos-doutorado\/\" class=\"elementor-sub-item\">P\u00f3s-doutorado<\/a><\/li>\n\t<\/ul>\n<\/li>\n\t<li class=\"menu-item menu-item-type-post_type menu-item-object-page menu-item-10580\"><a href=\"https:\/\/labcorr.coppe.ufrj.br\/index.php\/o-labcorr\/servicos\/\" class=\"elementor-sub-item\">Servi\u00e7os<\/a><\/li>\n\t<li class=\"menu-item menu-item-type-post_type menu-item-object-page menu-item-10581\"><a href=\"https:\/\/labcorr.coppe.ufrj.br\/index.php\/o-labcorr\/setores-de-atuacao\/\" class=\"elementor-sub-item\">Setores de Atua\u00e7\u00e3o<\/a><\/li>\n<\/ul>\n<\/li>\n<li class=\"menu-item menu-item-type-custom menu-item-object-custom menu-item-has-children menu-item-5295\"><a class=\"elementor-item\">Destaques<\/a>\n<ul class=\"sub-menu elementor-nav-menu--dropdown\">\n\t<li class=\"menu-item menu-item-type-post_type menu-item-object-page menu-item-5296\"><a href=\"https:\/\/labcorr.coppe.ufrj.br\/index.php\/destaques\/noticias\/\" class=\"elementor-sub-item\">Not\u00edcias<\/a><\/li>\n\t<li class=\"menu-item menu-item-type-post_type menu-item-object-page menu-item-5299\"><a href=\"https:\/\/labcorr.coppe.ufrj.br\/index.php\/destaques\/eventos\/\" class=\"elementor-sub-item\">Eventos<\/a><\/li>\n\t<li class=\"menu-item menu-item-type-post_type menu-item-object-page menu-item-9444\"><a href=\"https:\/\/labcorr.coppe.ufrj.br\/index.php\/destaques\/oportunidades\/\" class=\"elementor-sub-item\">Oportunidades<\/a><\/li>\n<\/ul>\n<\/li>\n<li class=\"menu-item menu-item-type-custom menu-item-object-custom menu-item-has-children menu-item-5303\"><a class=\"elementor-item\">Produ\u00e7\u00e3o Acad\u00eamica<\/a>\n<ul class=\"sub-menu elementor-nav-menu--dropdown\">\n\t<li class=\"menu-item menu-item-type-post_type menu-item-object-page menu-item-5500\"><a href=\"https:\/\/labcorr.coppe.ufrj.br\/index.php\/producao\/dissertacoes-de-mestrado\/\" class=\"elementor-sub-item\">Disserta\u00e7\u00f5es de Mestrado<\/a><\/li>\n\t<li class=\"menu-item menu-item-type-post_type menu-item-object-page menu-item-8005\"><a href=\"https:\/\/labcorr.coppe.ufrj.br\/index.php\/producao\/teses-de-doutorado\/\" class=\"elementor-sub-item\">Teses de Doutorado<\/a><\/li>\n\t<li class=\"menu-item menu-item-type-post_type menu-item-object-page menu-item-6228\"><a href=\"https:\/\/labcorr.coppe.ufrj.br\/index.php\/producao\/publicacoes\/\" class=\"elementor-sub-item\">Publica\u00e7\u00f5es<\/a><\/li>\n\t<li class=\"menu-item menu-item-type-post_type menu-item-object-page menu-item-8006\"><a href=\"https:\/\/labcorr.coppe.ufrj.br\/index.php\/producao\/projetos-de-pesquisa\/\" class=\"elementor-sub-item\">Projetos de Pesquisa<\/a><\/li>\n\t<li class=\"menu-item menu-item-type-post_type menu-item-object-page menu-item-8009\"><a href=\"https:\/\/labcorr.coppe.ufrj.br\/index.php\/producao\/patentes\/\" class=\"elementor-sub-item\">Patentes<\/a><\/li>\n<\/ul>\n<\/li>\n<\/ul>\t\t\t<\/nav>\n\t\t\t\t\t\t<nav class=\"elementor-nav-menu--dropdown elementor-nav-menu__container\" aria-hidden=\"true\">\n\t\t\t\t<ul id=\"menu-2-c802a22\" class=\"elementor-nav-menu sm-vertical\"><li class=\"menu-item menu-item-type-custom menu-item-object-custom menu-item-has-children menu-item-10145\"><a class=\"elementor-item\" tabindex=\"-1\">O LABCORR<\/a>\n<ul class=\"sub-menu elementor-nav-menu--dropdown\">\n\t<li class=\"menu-item menu-item-type-post_type menu-item-object-page menu-item-10141\"><a href=\"https:\/\/labcorr.coppe.ufrj.br\/index.php\/o-labcorr\/apresentacao\/\" class=\"elementor-sub-item\" tabindex=\"-1\">Apresenta\u00e7\u00e3o<\/a><\/li>\n\t<li class=\"menu-item menu-item-type-post_type menu-item-object-page menu-item-10142\"><a href=\"https:\/\/labcorr.coppe.ufrj.br\/index.php\/o-labcorr\/missao-visao-e-politica\/\" class=\"elementor-sub-item\" tabindex=\"-1\">Miss\u00e3o, Vis\u00e3o e Pol\u00edtica<\/a><\/li>\n\t<li class=\"menu-item menu-item-type-post_type menu-item-object-page menu-item-10143\"><a href=\"https:\/\/labcorr.coppe.ufrj.br\/index.php\/o-labcorr\/organograma\/\" class=\"elementor-sub-item\" tabindex=\"-1\">Organograma<\/a><\/li>\n\t<li class=\"menu-item menu-item-type-custom menu-item-object-custom menu-item-has-children menu-item-5290\"><a class=\"elementor-sub-item\" tabindex=\"-1\">Equipe<\/a>\n\t<ul class=\"sub-menu elementor-nav-menu--dropdown\">\n\t\t<li class=\"menu-item menu-item-type-post_type menu-item-object-page menu-item-5291\"><a href=\"https:\/\/labcorr.coppe.ufrj.br\/index.php\/o-labcorr\/equipe\/coordenador\/\" class=\"elementor-sub-item\" tabindex=\"-1\">Coordenador<\/a><\/li>\n\t\t<li class=\"menu-item menu-item-type-post_type menu-item-object-page menu-item-11233\"><a href=\"https:\/\/labcorr.coppe.ufrj.br\/index.php\/o-labcorr\/equipe\/professor-assistente\/\" class=\"elementor-sub-item\" tabindex=\"-1\">Professor Assistente<\/a><\/li>\n\t\t<li class=\"menu-item menu-item-type-post_type menu-item-object-page menu-item-5293\"><a href=\"https:\/\/labcorr.coppe.ufrj.br\/index.php\/o-labcorr\/equipe\/pesquisadores\/\" class=\"elementor-sub-item\" tabindex=\"-1\">Pesquisadores<\/a><\/li>\n\t\t<li class=\"menu-item menu-item-type-post_type menu-item-object-page menu-item-5292\"><a href=\"https:\/\/labcorr.coppe.ufrj.br\/index.php\/o-labcorr\/equipe\/tecnicos\/\" class=\"elementor-sub-item\" tabindex=\"-1\">T\u00e9cnicos<\/a><\/li>\n\t\t<li class=\"menu-item menu-item-type-post_type menu-item-object-page menu-item-11355\"><a href=\"https:\/\/labcorr.coppe.ufrj.br\/index.php\/o-labcorr\/equipe\/doutorado\/\" class=\"elementor-sub-item\" tabindex=\"-1\">Doutorado<\/a><\/li>\n\t\t<li class=\"menu-item menu-item-type-post_type menu-item-object-page menu-item-11354\"><a href=\"https:\/\/labcorr.coppe.ufrj.br\/index.php\/o-labcorr\/equipe\/pos-doutorado\/\" class=\"elementor-sub-item\" tabindex=\"-1\">P\u00f3s-doutorado<\/a><\/li>\n\t<\/ul>\n<\/li>\n\t<li class=\"menu-item menu-item-type-post_type menu-item-object-page menu-item-10580\"><a href=\"https:\/\/labcorr.coppe.ufrj.br\/index.php\/o-labcorr\/servicos\/\" class=\"elementor-sub-item\" tabindex=\"-1\">Servi\u00e7os<\/a><\/li>\n\t<li class=\"menu-item menu-item-type-post_type menu-item-object-page menu-item-10581\"><a href=\"https:\/\/labcorr.coppe.ufrj.br\/index.php\/o-labcorr\/setores-de-atuacao\/\" class=\"elementor-sub-item\" tabindex=\"-1\">Setores de Atua\u00e7\u00e3o<\/a><\/li>\n<\/ul>\n<\/li>\n<li class=\"menu-item menu-item-type-custom menu-item-object-custom menu-item-has-children menu-item-5295\"><a class=\"elementor-item\" tabindex=\"-1\">Destaques<\/a>\n<ul class=\"sub-menu elementor-nav-menu--dropdown\">\n\t<li class=\"menu-item menu-item-type-post_type menu-item-object-page menu-item-5296\"><a href=\"https:\/\/labcorr.coppe.ufrj.br\/index.php\/destaques\/noticias\/\" class=\"elementor-sub-item\" tabindex=\"-1\">Not\u00edcias<\/a><\/li>\n\t<li class=\"menu-item menu-item-type-post_type menu-item-object-page menu-item-5299\"><a href=\"https:\/\/labcorr.coppe.ufrj.br\/index.php\/destaques\/eventos\/\" class=\"elementor-sub-item\" tabindex=\"-1\">Eventos<\/a><\/li>\n\t<li class=\"menu-item menu-item-type-post_type menu-item-object-page menu-item-9444\"><a href=\"https:\/\/labcorr.coppe.ufrj.br\/index.php\/destaques\/oportunidades\/\" class=\"elementor-sub-item\" tabindex=\"-1\">Oportunidades<\/a><\/li>\n<\/ul>\n<\/li>\n<li class=\"menu-item menu-item-type-custom menu-item-object-custom menu-item-has-children menu-item-5303\"><a class=\"elementor-item\" tabindex=\"-1\">Produ\u00e7\u00e3o Acad\u00eamica<\/a>\n<ul class=\"sub-menu elementor-nav-menu--dropdown\">\n\t<li class=\"menu-item menu-item-type-post_type menu-item-object-page menu-item-5500\"><a href=\"https:\/\/labcorr.coppe.ufrj.br\/index.php\/producao\/dissertacoes-de-mestrado\/\" class=\"elementor-sub-item\" tabindex=\"-1\">Disserta\u00e7\u00f5es de Mestrado<\/a><\/li>\n\t<li class=\"menu-item menu-item-type-post_type menu-item-object-page menu-item-8005\"><a href=\"https:\/\/labcorr.coppe.ufrj.br\/index.php\/producao\/teses-de-doutorado\/\" class=\"elementor-sub-item\" tabindex=\"-1\">Teses de Doutorado<\/a><\/li>\n\t<li class=\"menu-item menu-item-type-post_type menu-item-object-page menu-item-6228\"><a href=\"https:\/\/labcorr.coppe.ufrj.br\/index.php\/producao\/publicacoes\/\" class=\"elementor-sub-item\" tabindex=\"-1\">Publica\u00e7\u00f5es<\/a><\/li>\n\t<li class=\"menu-item menu-item-type-post_type menu-item-object-page menu-item-8006\"><a href=\"https:\/\/labcorr.coppe.ufrj.br\/index.php\/producao\/projetos-de-pesquisa\/\" class=\"elementor-sub-item\" tabindex=\"-1\">Projetos de Pesquisa<\/a><\/li>\n\t<li class=\"menu-item menu-item-type-post_type menu-item-object-page menu-item-8009\"><a href=\"https:\/\/labcorr.coppe.ufrj.br\/index.php\/producao\/patentes\/\" class=\"elementor-sub-item\" tabindex=\"-1\">Patentes<\/a><\/li>\n<\/ul>\n<\/li>\n<\/ul>\t\t\t<\/nav>\n\t\t\t\t\t\t<\/div>\n\t\t\t\t<\/div>\n\t\t\t\t<\/div>\n\t\t<div class=\"elementor-element elementor-element-b849e45 e-con-full e-flex wpr-particle-no wpr-jarallax-no wpr-parallax-no wpr-sticky-section-no wpr-column-slider-no wpr-equal-height-no e-con e-child\" data-id=\"b849e45\" data-element_type=\"container\" data-e-type=\"container\" data-settings=\"{&quot;jet_parallax_layout_list&quot;:[]}\">\n\t\t\t\t<div class=\"elementor-element elementor-element-c407f1c elementor-widget-divider--view-line elementor-widget elementor-widget-divider\" data-id=\"c407f1c\" data-element_type=\"widget\" data-e-type=\"widget\" data-widget_type=\"divider.default\">\n\t\t\t\t<div class=\"elementor-widget-container\">\n\t\t\t\t\t\t\t<div class=\"elementor-divider\">\n\t\t\t<span class=\"elementor-divider-separator\">\n\t\t\t\t\t\t<\/span>\n\t\t<\/div>\n\t\t\t\t\t\t<\/div>\n\t\t\t\t<\/div>\n\t\t<div class=\"elementor-element elementor-element-4a5646f e-con-full e-flex wpr-particle-no wpr-jarallax-no wpr-parallax-no wpr-sticky-section-no wpr-column-slider-no wpr-equal-height-no e-con e-child\" data-id=\"4a5646f\" data-element_type=\"container\" data-e-type=\"container\" data-settings=\"{&quot;jet_parallax_layout_list&quot;:[]}\">\n\t\t<div class=\"elementor-element elementor-element-44c41f8 e-con-full e-flex wpr-particle-no wpr-jarallax-no wpr-parallax-no wpr-sticky-section-no wpr-column-slider-no wpr-equal-height-no e-con e-child\" data-id=\"44c41f8\" data-element_type=\"container\" data-e-type=\"container\" data-settings=\"{&quot;jet_parallax_layout_list&quot;:[]}\">\n\t\t\t\t<div class=\"elementor-element elementor-element-e1f98be elementor-widget elementor-widget-google_maps\" data-id=\"e1f98be\" data-element_type=\"widget\" data-e-type=\"widget\" data-widget_type=\"google_maps.default\">\n\t\t\t\t<div class=\"elementor-widget-container\">\n\t\t\t\t\t\t\t<div class=\"elementor-custom-embed\">\n\t\t\t<iframe loading=\"lazy\"\n\t\t\t\t\tsrc=\"https:\/\/maps.google.com\/maps?q=Av.%20Hor%C3%A1cio%20Macedo%2C%202030%20%E2%80%93%20Sala%20G209%20%E2%80%93%20Cidade%20Universit%C3%A1ria%20da%20UFRJ&#038;t=m&#038;z=14&#038;output=embed&#038;iwloc=near\"\n\t\t\t\t\ttitle=\"Av. Hor\u00e1cio Macedo, 2030 \u2013 Sala G209 \u2013 Cidade Universit\u00e1ria da UFRJ\"\n\t\t\t\t\taria-label=\"Av. Hor\u00e1cio Macedo, 2030 \u2013 Sala G209 \u2013 Cidade Universit\u00e1ria da UFRJ\"\n\t\t\t><\/iframe>\n\t\t<\/div>\n\t\t\t\t\t\t<\/div>\n\t\t\t\t<\/div>\n\t\t\t\t<\/div>\n\t\t<div class=\"elementor-element elementor-element-a8cb379 e-con-full e-flex wpr-particle-no wpr-jarallax-no wpr-parallax-no wpr-sticky-section-no wpr-column-slider-no wpr-equal-height-no e-con e-child\" data-id=\"a8cb379\" data-element_type=\"container\" data-e-type=\"container\" data-settings=\"{&quot;jet_parallax_layout_list&quot;:[]}\">\n\t\t\t\t<div class=\"elementor-element elementor-element-a498479 elementor-button-align-start elementor-widget elementor-widget-form\" data-id=\"a498479\" data-element_type=\"widget\" data-e-type=\"widget\" data-settings=\"{&quot;step_next_label&quot;:&quot;Next&quot;,&quot;step_previous_label&quot;:&quot;Previous&quot;,&quot;button_width&quot;:&quot;100&quot;,&quot;step_type&quot;:&quot;number_text&quot;,&quot;step_icon_shape&quot;:&quot;circle&quot;}\" data-widget_type=\"form.default\">\n\t\t\t\t<div class=\"elementor-widget-container\">\n\t\t\t\t\t\t\t<form class=\"elementor-form\" method=\"post\" name=\"Contato ERGOPROJ\" aria-label=\"Contato ERGOPROJ\">\n\t\t\t<input type=\"hidden\" name=\"post_id\" value=\"28\"\/>\n\t\t\t<input type=\"hidden\" name=\"form_id\" value=\"a498479\"\/>\n\t\t\t<input type=\"hidden\" name=\"referer_title\" value=\"Contato\" \/>\n\n\t\t\t\t\t\t\t<input type=\"hidden\" name=\"queried_id\" value=\"28\"\/>\n\t\t\t\n\t\t\t<div class=\"elementor-form-fields-wrapper elementor-labels-above\">\n\t\t\t\t\t\t\t\t<div class=\"elementor-field-type-text elementor-field-group elementor-column elementor-field-group-name elementor-col-100 elementor-field-required\">\n\t\t\t\t\t\t\t\t\t\t\t\t\t<input size=\"1\" type=\"text\" name=\"form_fields[name]\" id=\"form-field-name\" class=\"elementor-field elementor-size-sm  elementor-field-textual\" placeholder=\"Nome\" required=\"required\">\n\t\t\t\t\t\t\t\t\t\t\t<\/div>\n\t\t\t\t\t\t\t\t<div class=\"elementor-field-type-email elementor-field-group elementor-column elementor-field-group-email elementor-col-100 elementor-field-required\">\n\t\t\t\t\t\t\t\t\t\t\t\t\t<input size=\"1\" type=\"email\" name=\"form_fields[email]\" id=\"form-field-email\" class=\"elementor-field elementor-size-sm  elementor-field-textual\" placeholder=\"Email\" required=\"required\">\n\t\t\t\t\t\t\t\t\t\t\t<\/div>\n\t\t\t\t\t\t\t\t<div class=\"elementor-field-type-text elementor-field-group elementor-column elementor-field-group-field_d91758c elementor-col-100 elementor-field-required\">\n\t\t\t\t\t\t\t\t\t\t\t\t\t<input size=\"1\" type=\"text\" name=\"form_fields[field_d91758c]\" id=\"form-field-field_d91758c\" class=\"elementor-field elementor-size-sm  elementor-field-textual\" placeholder=\"Assunto\" required=\"required\">\n\t\t\t\t\t\t\t\t\t\t\t<\/div>\n\t\t\t\t\t\t\t\t<div class=\"elementor-field-type-textarea elementor-field-group elementor-column elementor-field-group-message elementor-col-100\">\n\t\t\t\t\t<textarea class=\"elementor-field-textual elementor-field  elementor-size-sm\" name=\"form_fields[message]\" id=\"form-field-message\" rows=\"5\" placeholder=\"Escreva sua Mensagem\"><\/textarea>\t\t\t\t<\/div>\n\t\t\t\t\t\t\t\t<div class=\"elementor-field-type-recaptcha_v3 elementor-field-group elementor-column elementor-field-group-field_1e7a5df elementor-col-100 recaptcha_v3-bottomleft\">\n\t\t\t\t\t<div class=\"elementor-field\" id=\"form-field-field_1e7a5df\"><div class=\"elementor-g-recaptcha\" data-sitekey=\"6LfmwxorAAAAAGuENjkYFU8mVuxrldJWhUF4EdI1\" data-type=\"v3\" data-action=\"Form\" data-badge=\"bottomleft\" data-size=\"invisible\"><\/div><\/div>\t\t\t\t<\/div>\n\t\t\t\t\t\t\t\t<div class=\"elementor-field-group elementor-column elementor-field-type-submit elementor-col-100 e-form__buttons\">\n\t\t\t\t\t<button class=\"elementor-button elementor-size-sm\" type=\"submit\">\n\t\t\t\t\t\t<span class=\"elementor-button-content-wrapper\">\n\t\t\t\t\t\t\t\t\t\t\t\t\t\t\t\t\t\t\t\t\t\t<span class=\"elementor-button-text\">Enviar<\/span>\n\t\t\t\t\t\t\t\t\t\t\t\t\t<\/span>\n\t\t\t\t\t<\/button>\n\t\t\t\t<\/div>\n\t\t\t<\/div>\n\t\t<\/form>\n\t\t\t\t\t\t<\/div>\n\t\t\t\t<\/div>\n\t\t\t\t<\/div>\n\t\t\t\t<\/div>\n\t\t<div class=\"elementor-element elementor-element-8978ce5 e-con-full e-flex wpr-particle-no wpr-jarallax-no wpr-parallax-no wpr-sticky-section-no wpr-column-slider-no wpr-equal-height-no e-con e-child\" data-id=\"8978ce5\" data-element_type=\"container\" data-e-type=\"container\" data-settings=\"{&quot;jet_parallax_layout_list&quot;:[]}\">\n\t\t\t\t<div class=\"elementor-element elementor-element-29364d9 elementor-widget elementor-widget-text-editor\" data-id=\"29364d9\" data-element_type=\"widget\" data-e-type=\"widget\" data-widget_type=\"text-editor.default\">\n\t\t\t\t<div class=\"elementor-widget-container\">\n\t\t\t\t\t\t\t\t\t<p><strong>Laborat\u00f3rio de Corros\u00e3o da COPPE\/UFRJ \u2013 LABCORR\u00a0<\/strong><\/p>\n<p>Av. Hor\u00e1cio Macedo, 2030 &#8211; Bloco I &#8211; Cidade Universit\u00e1ria &#8211; Ilha do Fund\u00e3o \u2013 RJ<br \/>\nEdif\u00edcio do Centro de Tecnologia &#8211; CEP: 21941-914<\/p>\n<p><strong>Email:<\/strong> <a href=\"mailto:labcorr@metalmat.ufrj.br\">labcorr@metalmat.ufrj.br<\/a><br \/>\n<a class=\"text-entity-link\" dir=\"auto\" href=\"mailto:ponciano@metalmat.ufrj.br\" target=\"_blank\" rel=\"noopener noreferrer\" data-entity-type=\"MessageEntityEmail\">ponciano@metalmat.ufrj.br<\/a><\/p>\n<p><strong>Telefone:<\/strong> +55 (21) 2290-1615 \u2013 Ramal 216<\/p>\n<p><strong>Hor\u00e1rio de Atendimento:<\/strong> 08h \u2013 17h<\/p>\n<p>&nbsp;<\/p>\n<p><strong>Siga nossas redes sociais:<\/strong><\/p>\n<p><a href=\"https:\/\/www.instagram.com\/labcorr.ufrj\/#\" target=\"_blank\" rel=\"noopener\"><img decoding=\"async\" class=\"wp-image-7311 alignleft\" src=\"https:\/\/labcorr.coppe.ufrj.br\/wp-content\/uploads\/2025\/07\/14_10_EFC_Instagram_Icon.svg\" alt=\"\" width=\"45\" height=\"45\" \/><\/a>\u00a0 \u00a0 \u00a0<a href=\"https:\/\/www.linkedin.com\/company\/labcorr-laborat%C3%B3rio-de-corros%C3%A3o\/posts\/?feedView=all\" target=\"_blank\" rel=\"noopener\"><img decoding=\"async\" class=\"wp-image-7313 alignleft\" src=\"https:\/\/labcorr.coppe.ufrj.br\/wp-content\/uploads\/2025\/07\/14_10_EFC_Linkedin_Icon.svg\" alt=\"\" width=\"45\" height=\"45\" \/><\/a><\/p>\n<p>&nbsp;<\/p>\n<h4><\/h4>\n<p>&nbsp;<\/p>\n\t\t\t\t\t\t\t\t<\/div>\n\t\t\t\t<\/div>\n\t\t\t\t<\/div>\n\t\t\t\t<\/div>\n\t\t\t\t\t<\/div>\n\t\t\t\t<\/div>\n\t\t\t\t<\/div>\n\t\t","protected":false},"excerpt":{"rendered":"<p>Voc\u00ea est\u00e1 aqui: In\u00edcio<\/p>\n","protected":false},"author":2,"featured_media":0,"parent":0,"menu_order":1,"comment_status":"closed","ping_status":"closed","template":"","meta":{"footnotes":""},"class_list":["post-28","page","type-page","status-publish","hentry"],"_links":{"self":[{"href":"https:\/\/labcorr.coppe.ufrj.br\/index.php\/wp-json\/wp\/v2\/pages\/28","targetHints":{"allow":["GET"]}}],"collection":[{"href":"https:\/\/labcorr.coppe.ufrj.br\/index.php\/wp-json\/wp\/v2\/pages"}],"about":[{"href":"https:\/\/labcorr.coppe.ufrj.br\/index.php\/wp-json\/wp\/v2\/types\/page"}],"author":[{"embeddable":true,"href":"https:\/\/labcorr.coppe.ufrj.br\/index.php\/wp-json\/wp\/v2\/users\/2"}],"replies":[{"embeddable":true,"href":"https:\/\/labcorr.coppe.ufrj.br\/index.php\/wp-json\/wp\/v2\/comments?post=28"}],"version-history":[{"count":452,"href":"https:\/\/labcorr.coppe.ufrj.br\/index.php\/wp-json\/wp\/v2\/pages\/28\/revisions"}],"predecessor-version":[{"id":11530,"href":"https:\/\/labcorr.coppe.ufrj.br\/index.php\/wp-json\/wp\/v2\/pages\/28\/revisions\/11530"}],"wp:attachment":[{"href":"https:\/\/labcorr.coppe.ufrj.br\/index.php\/wp-json\/wp\/v2\/media?parent=28"}],"curies":[{"name":"wp","href":"https:\/\/api.w.org\/{rel}","templated":true}]}}